{"id":815,"date":"2022-12-20T22:05:54","date_gmt":"2022-12-20T22:05:54","guid":{"rendered":"https:\/\/iruleiria.com\/?page_id=815"},"modified":"2022-12-21T15:40:53","modified_gmt":"2022-12-21T15:40:53","slug":"aviso-legal","status":"publish","type":"page","link":"https:\/\/iruleiria.com\/index.php\/es\/aviso-legal\/","title":{"rendered":"Aviso Legal"},"content":{"rendered":"\t\t<div data-elementor-type=\"wp-page\" data-elementor-id=\"815\" class=\"elementor elementor-815\" data-elementor-post-type=\"page\">\n\t\t\t\t\t\t<section class=\"elementor-section elementor-top-section elementor-element elementor-element-670fec0 elementor-section-boxed elementor-section-height-default elementor-section-height-default\" data-id=\"670fec0\" data-element_type=\"section\">\n\t\t\t\t\t\t<div class=\"elementor-container elementor-column-gap-default\">\n\t\t\t\t\t<div class=\"elementor-column elementor-col-100 elementor-top-column elementor-element elementor-element-a69368a\" data-id=\"a69368a\" data-element_type=\"column\">\n\t\t\t<div class=\"elementor-widget-wrap elementor-element-populated\">\n\t\t\t\t\t\t<div class=\"elementor-element elementor-element-6cd1832 elementor-widget elementor-widget-heading\" data-id=\"6cd1832\" data-element_type=\"widget\" data-widget_type=\"heading.default\">\n\t\t\t\t<div class=\"elementor-widget-container\">\n\t\t\t\t\t<h2 class=\"elementor-heading-title elementor-size-default\">AVISO LEGAL<\/h2>\t\t\t\t<\/div>\n\t\t\t\t<\/div>\n\t\t\t\t<div class=\"elementor-element elementor-element-29e650e elementor-widget elementor-widget-text-editor\" data-id=\"29e650e\" data-element_type=\"widget\" data-widget_type=\"text-editor.default\">\n\t\t\t\t<div class=\"elementor-widget-container\">\n\t\t\t\t\t\t\t\t\t<p><strong>Datos del Responsable<\/strong><\/p>\n<ul>\n<li><strong>Identidad del Responsable:&nbsp;<\/strong>Sandra Rodrigues<\/li>\n<li><strong>Nombre comercial:&nbsp;<\/strong>Iruleiria<\/li>\n<li><strong>NIF\/CIF:&nbsp;<\/strong>223383171<\/li>\n<li><strong>Direcci\u00f3n:&nbsp;<\/strong>Rua professora Maria Augusta de Sousa Lopes n 190 r\/c esq<\/li>\n<li><strong>Correo electr\u00f3nico:&nbsp;<\/strong>scalcrodrigues@gmail.com<\/li>\n<\/ul>\n<p>En este espacio, el usuario, podr\u00e1 encontrar toda la informaci\u00f3n relativa a los t\u00e9rminos y condiciones legales que definen las relaciones entre los usuarios y yo como responsable de esta web. Como usuario, es importante que conozcas estos t\u00e9rminos antes de continuar tu navegaci\u00f3n.<\/p>\n<p>Sandra Rodrigues (Iruleiria) como responsable de esta web, asumo el compromiso de procesar la informaci\u00f3n de mis usuarios y clientes con plenas garant\u00edas y cumplir con los requisitos nacionales y europeos que regulan la recopilaci\u00f3n y uso de los datos personales de mis usuarios.<\/p>\n<p>Esta web, por tanto, cumple rigurosamente con La Ley Org\u00e1nica 15\/1999, de 13 de diciembre, de Protecci\u00f3n de Datos de Car\u00e1cter Personal (LOPD), y con el Real Decreto 1720\/2007, de 21 de diciembre, conocido como el Reglamento de desarrollo de la LOPD. Cumple tambi\u00e9n con el Reglamento (UE) 2016\/679 del Parlamento Europeo y del Consejo de 27 de abril de 2016 relativo a la protecci\u00f3n de las personas f\u00edsicas (RGPD), as\u00ed como con la Ley 34\/2002, de 11 de julio, de Servicios de la Sociedad de la Informaci\u00f3n y Comercio Electr\u00f3nico (LSSICE \u00f3 LSSI).<\/p>\n<p><strong>Condiciones generales de uso<\/strong><\/p>\n<p>Las presentes Condiciones Generales regulan el uso (incluyendo el mero acceso) de las p\u00e1ginas de web, integrantes del sitio web de Iruleiria incluidos los contenidos y servicios puestos a disposici\u00f3n en ellas. Toda persona que acceda a la web, <a href=\"http:\/\/www.iruleiria.com\">www.iruleiria.com<\/a> (\u201cusuario\u201d) acepta someterse a las Condiciones Generales vigentes en cada momento del portal www.iruleiria.com<\/p>\n<p><strong>Datos personales que recabo y c\u00f3mo lo hago<\/strong><\/p>\n<p>Leer Pol\u00edtica de Privacidad (https:\/\/iruleiria.com\/politica-de-privacidad)<\/p>\n<p><strong style=\"font-size: 16px; color: var( --e-global-color-text );\">Compromisos y obligaciones de los usuarios<\/strong><\/p>\n<p>El usuario queda informado, y acepta, que el acceso a la presente web no supone, en modo alguno, el inicio de una relaci\u00f3n comercial con Iruleiria. De esta forma, el usuario se compromete a utilizar el sitio web, sus servicios y contenidos sin contravenir la legislaci\u00f3n vigente, la buena fe y el orden p\u00fablico.<\/p>\n<p>Queda prohibido el uso de la web, con fines il\u00edcitos o lesivos, o que, de cualquier forma, puedan causar perjuicio o impedir el normal funcionamiento del sitio web. Respecto de los contenidos de esta web, se proh\u00edbe:<\/p>\n<ul>\n<li>Su reproducci\u00f3n, distribuci\u00f3n o modificaci\u00f3n, total o parcial, a menos que se cuente con mi autorizaci\u00f3n como leg\u00edtimo titular;<\/li>\n<li>Cualquier vulneraci\u00f3n de los derechos del prestador o de mi como leg\u00edtimo titular;<\/li>\n<li>Su utilizaci\u00f3n para fines comerciales o publicitarios.<\/li>\n<\/ul>\n<p>En la utilizaci\u00f3n de la web, <a href=\"http:\/\/www.iruleiria.com\">www.iruleiria.com<\/a> el usuario se compromete a no llevar a cabo&nbsp;<strong>ninguna conducta<\/strong>&nbsp;que pudiera da\u00f1ar la imagen, los intereses y los derechos de Iruleiria o de terceros o que pudiera da\u00f1ar, inutilizar o sobrecargar el portal <a href=\"http:\/\/www.iruleiria.com\">www.iruleiria.com<\/a> o que impidiera, de cualquier forma, la normal utilizaci\u00f3n de la web.<\/p>\n<p><\/p>\n<p>No obstante, el usuario debe ser consciente de que las medidas de seguridad de los sistemas inform\u00e1ticos en Internet no son enteramente fiables y que, por tanto www.iruleiria.com no puede garantizar la inexistencia de malware u otros elementos que puedan producir alteraciones en los sistemas inform\u00e1ticos (software y hardware) del usuario o en sus documentos electr\u00f3nicos y ficheros contenidos en los mismos aunque pongo todos los medios necesarios y las medidas de seguridad oportunas para evitar la presencia de estos elementos da\u00f1inos.<\/p>\n<p><strong>Medidas de seguridad<\/strong><\/p>\n<p>Los datos personales comunicados por el usuario a Iruleiria pueden ser almacenados en bases de datos automatizadas o no, cuya titularidad corresponde en exclusiva a Iruleiria, asumiendo \u00e9sta todas las medidas de \u00edndole t\u00e9cnica, organizativa y de seguridad que garantizan la confidencialidad, integridad y calidad de la informaci\u00f3n contenida en las mismas de acuerdo con lo establecido en la normativa vigente en protecci\u00f3n de datos.<\/p>\n<p><strong>Plataforma de resoluci\u00f3n de conflictos<\/strong><\/p>\n<p>Pongo tambi\u00e9n a disposici\u00f3n de los usuarios la plataforma de resoluci\u00f3n de litigios que facilita la Comisi\u00f3n Europea y que se encuentra disponible en el siguiente enlace:&nbsp;<a href=\"http:\/\/ec.europa.eu\/consumers\/odr\/\">http:\/\/ec.europa.eu\/consumers\/odr\/<\/a><\/p>\n<p><strong>&nbsp;<\/strong><strong style=\"font-size: 16px; color: var( --e-global-color-text );\">Derechos de propiedad intelectual e industrial<\/strong><\/p>\n<p>En virtud de lo dispuesto en los art\u00edculos 8 y 32.1, p\u00e1rrafo segundo, de la Ley de Propiedad Intelectual, quedan expresamente prohibidas la reproducci\u00f3n, la distribuci\u00f3n y la comunicaci\u00f3n p\u00fablica, incluida su modalidad de puesta a disposici\u00f3n, de la totalidad o parte de los contenidos de esta p\u00e1gina web, con fines comerciales, en cualquier soporte y por cualquier medio t\u00e9cnico, sin la autorizaci\u00f3n de Iruleiria. El usuario se compromete a respetar los derechos de Propiedad Intelectual e Industrial titularidad de Iruleiria.<\/p>\n<p>El usuario conoce y acepta que la totalidad del sitio web, conteniendo sin car\u00e1cter exhaustivo el texto, software, contenidos (incluyendo estructura, selecci\u00f3n, ordenaci\u00f3n y presentaci\u00f3n de los mismos) podcast, fotograf\u00edas, material audiovisual y gr\u00e1ficos, est\u00e1 protegida por marcas, derechos de autor y otros derechos leg\u00edtimos, de acuerdo con los tratados internacionales en los que Espa\u00f1a es parte y otros derechos de propiedad y leyes de Espa\u00f1a.<\/p>\n<p>En el caso de que un usuario o un tercero consideren que se ha producido una violaci\u00f3n de sus leg\u00edtimos derechos de propiedad intelectual por la introducci\u00f3n de un determinado contenido en la web, deber\u00e1 notificar dicha circunstancia a info@iruleiria.com indicando:<\/p>\n<ul>\n<li>Datos personales del interesado titular de los derechos presuntamente infringidos, o indicar la representaci\u00f3n con la que act\u00faa en caso de que la reclamaci\u00f3n la presente un tercero distinto del interesado.<\/li>\n<li>Se\u00f1alar los contenidos protegidos por los derechos de propiedad intelectual y su ubicaci\u00f3n en la web, la acreditaci\u00f3n de los derechos de propiedad intelectual se\u00f1alados y declaraci\u00f3n expresa en la que el interesado se responsabiliza de la veracidad de las informaciones facilitadas en la notificaci\u00f3n.<\/li>\n<\/ul>\n<p><strong>&nbsp;<\/strong><strong style=\"font-size: 16px; color: var( --e-global-color-text );\">Exclusi\u00f3n de garant\u00edas y responsable<\/strong><\/p>\n<p><strong>Sandra Rodrigues (Iruleiria) no otorga ninguna garant\u00eda ni se hace responsable, en ning\u00fan caso, de los da\u00f1os y perjuicios de cualquier naturaleza que pudieran traer causa de:<\/strong><\/p>\n<p><\/p>\n<ul>\n<li>La falta de disponibilidad, mantenimiento y efectivo funcionamiento de la web, o de sus servicios y contenidos;<\/li>\n<li>La existencia de malware, programas maliciosos o lesivos en los contenidos;<\/li>\n<li>El uso il\u00edcito, negligente, fraudulento o contrario a este Aviso Legal;<\/li>\n<li>La falta de licitud, calidad, fiabilidad, utilidad y disponibilidad de los servicios prestados por terceros y puestos a disposici\u00f3n de los usuarios en el sitio web.<\/li>\n<li>El prestador no se hace responsable bajo ning\u00fan concepto de los da\u00f1os que pudieran dimanar del uso ilegal o indebido de la presente p\u00e1gina web.<\/li>\n<\/ul>\n<p><strong>&nbsp;<\/strong><strong style=\"font-size: 16px; color: var( --e-global-color-text );\">Ley aplicable y jurisdicci\u00f3n<\/strong><\/p>\n<p>Con car\u00e1cter general las relaciones entre Iruleiria con los usuarios de sus servicios telem\u00e1ticos presentes en esta web, se encuentran sometidas a la legislaci\u00f3n y jurisdicci\u00f3n portuguesas y a los tribunales de Portugal<\/p>\n<p><strong>Contacto<\/strong><\/p>\n<p>En caso de que cualquier usuario tuviese alguna duda acerca de estas Condiciones legales o cualquier comentario sobre el portal www.iruleiria, por favor dir\u00edjase a info@iruleiria.com<\/p>\n<p>El aviso legal ha sido actualizado por \u00faltima vez el 19-12-2022.<\/p>\t\t\t\t\t\t\t\t<\/div>\n\t\t\t\t<\/div>\n\t\t\t\t\t<\/div>\n\t\t<\/div>\n\t\t\t\t\t<\/div>\n\t\t<\/section>\n\t\t\t\t<section class=\"elementor-section elementor-top-section elementor-element elementor-element-c899d0a elementor-section-boxed elementor-section-height-default elementor-section-height-default\" data-id=\"c899d0a\" data-element_type=\"section\" data-settings=\"{&quot;background_background&quot;:&quot;classic&quot;}\">\n\t\t\t\t\t\t\t<div class=\"elementor-background-overlay\"><\/div>\n\t\t\t\t\t\t\t<div class=\"elementor-container elementor-column-gap-no\">\n\t\t\t\t\t<div class=\"elementor-column elementor-col-100 elementor-top-column elementor-element elementor-element-ec82bb9\" data-id=\"ec82bb9\" data-element_type=\"column\">\n\t\t\t<div class=\"elementor-widget-wrap elementor-element-populated\">\n\t\t\t\t\t\t<div class=\"elementor-element elementor-element-5cefa8f elementor-widget elementor-widget-image\" data-id=\"5cefa8f\" data-element_type=\"widget\" data-widget_type=\"image.default\">\n\t\t\t\t<div class=\"elementor-widget-container\">\n\t\t\t\t\t\t\t\t\t\t\t\t\t\t\t\t<a href=\"https:\/\/iruleiria.com\/\">\n\t\t\t\t\t\t\t<img fetchpriority=\"high\" decoding=\"async\" width=\"608\" height=\"566\" src=\"https:\/\/iruleiria.com\/wp-content\/uploads\/2022\/08\/IRU-Leiria-blanco-07.png\" class=\"attachment-large size-large wp-image-200\" alt=\"\" srcset=\"https:\/\/iruleiria.com\/wp-content\/uploads\/2022\/08\/IRU-Leiria-blanco-07.png 608w, https:\/\/iruleiria.com\/wp-content\/uploads\/2022\/08\/IRU-Leiria-blanco-07-300x279.png 300w\" sizes=\"(max-width: 608px) 100vw, 608px\" \/>\t\t\t\t\t\t\t\t<\/a>\n\t\t\t\t\t\t\t\t\t\t\t\t\t\t\t<\/div>\n\t\t\t\t<\/div>\n\t\t\t\t<div class=\"elementor-element elementor-element-1e1bd55 elementor-widget elementor-widget-text-editor\" data-id=\"1e1bd55\" data-element_type=\"widget\" data-widget_type=\"text-editor.default\">\n\t\t\t\t<div class=\"elementor-widget-container\">\n\t\t\t\t\t\t\t\t\t<p>Calle professora Maria Augusta de Sousa Lopes n 190 r\/c esq<br \/>2415-521 Marrazes Leiria<br \/>Tlf . <a href=\"callto:+ 351244825737\">+ 351244825737<\/a><\/p>\t\t\t\t\t\t\t\t<\/div>\n\t\t\t\t<\/div>\n\t\t\t\t<div class=\"elementor-element elementor-element-9e411db elementor-widget elementor-widget-text-editor\" data-id=\"9e411db\" data-element_type=\"widget\" data-widget_type=\"text-editor.default\">\n\t\t\t\t<div class=\"elementor-widget-container\">\n\t\t\t\t\t\t\t\t\t<p>\u00a9<span class=\"Y2IQFc\" lang=\"pt\">Todos los derechos reservados <\/span>IRU Leiria &#8211; Web dise\u00f1ada por <a href=\"https:\/\/msalmadigital.com\/\">MS Alma Digital<\/a><\/p>\t\t\t\t\t\t\t\t<\/div>\n\t\t\t\t<\/div>\n\t\t\t\t\t<\/div>\n\t\t<\/div>\n\t\t\t\t\t<\/div>\n\t\t<\/section>\n\t\t\t\t<\/div>\n\t\t","protected":false},"excerpt":{"rendered":"<p>AVISO LEGAL Datos del Responsable Identidad del Responsable:&nbsp;Sandra Rodrigues Nombre comercial:&nbsp;Iruleiria NIF\/CIF:&nbsp;223383171 Direcci\u00f3n:&nbsp;Rua professora Maria Augusta de Sousa Lopes n 190 r\/c esq Correo electr\u00f3nico:&nbsp;scalcrodrigues@gmail.com En este espacio, el usuario, podr\u00e1 encontrar toda la informaci\u00f3n relativa a los t\u00e9rminos y condiciones legales que definen las relaciones entre los usuarios y yo como responsable de esta [&hellip;]<\/p>\n","protected":false},"author":1,"featured_media":0,"parent":0,"menu_order":0,"comment_status":"closed","ping_status":"closed","template":"elementor_header_footer","meta":{"ocean_post_layout":"","ocean_both_sidebars_style":"","ocean_both_sidebars_content_width":0,"ocean_both_sidebars_sidebars_width":0,"ocean_sidebar":"0","ocean_second_sidebar":"0","ocean_disable_margins":"enable","ocean_add_body_class":"","ocean_shortcode_before_top_bar":"","ocean_shortcode_after_top_bar":"","ocean_shortcode_before_header":"","ocean_shortcode_after_header":"","ocean_has_shortcode":"","ocean_shortcode_after_title":"","ocean_shortcode_before_footer_widgets":"","ocean_shortcode_after_footer_widgets":"","ocean_shortcode_before_footer_bottom":"","ocean_shortcode_after_footer_bottom":"","ocean_display_top_bar":"default","ocean_display_header":"default","ocean_header_style":"","ocean_center_header_left_menu":"0","ocean_custom_header_template":"0","ocean_custom_logo":0,"ocean_custom_retina_logo":0,"ocean_custom_logo_max_width":0,"ocean_custom_logo_tablet_max_width":0,"ocean_custom_logo_mobile_max_width":0,"ocean_custom_logo_max_height":0,"ocean_custom_logo_tablet_max_height":0,"ocean_custom_logo_mobile_max_height":0,"ocean_header_custom_menu":"0","ocean_menu_typo_font_family":"0","ocean_menu_typo_font_subset":"","ocean_menu_typo_font_size":0,"ocean_menu_typo_font_size_tablet":0,"ocean_menu_typo_font_size_mobile":0,"ocean_menu_typo_font_size_unit":"px","ocean_menu_typo_font_weight":"","ocean_menu_typo_font_weight_tablet":"","ocean_menu_typo_font_weight_mobile":"","ocean_menu_typo_transform":"","ocean_menu_typo_transform_tablet":"","ocean_menu_typo_transform_mobile":"","ocean_menu_typo_line_height":0,"ocean_menu_typo_line_height_tablet":0,"ocean_menu_typo_line_height_mobile":0,"ocean_menu_typo_line_height_unit":"","ocean_menu_typo_spacing":0,"ocean_menu_typo_spacing_tablet":0,"ocean_menu_typo_spacing_mobile":0,"ocean_menu_typo_spacing_unit":"","ocean_menu_link_color":"","ocean_menu_link_color_hover":"","ocean_menu_link_color_active":"","ocean_menu_link_background":"","ocean_menu_link_hover_background":"","ocean_menu_link_active_background":"","ocean_menu_social_links_bg":"","ocean_menu_social_hover_links_bg":"","ocean_menu_social_links_color":"","ocean_menu_social_hover_links_color":"","ocean_disable_title":"on","ocean_disable_heading":"default","ocean_post_title":"","ocean_post_subheading":"","ocean_post_title_style":"","ocean_post_title_background_color":"","ocean_post_title_background":0,"ocean_post_title_bg_image_position":"","ocean_post_title_bg_image_attachment":"","ocean_post_title_bg_image_repeat":"","ocean_post_title_bg_image_size":"","ocean_post_title_height":0,"ocean_post_title_bg_overlay":0.5,"ocean_post_title_bg_overlay_color":"","ocean_disable_breadcrumbs":"default","ocean_breadcrumbs_color":"","ocean_breadcrumbs_separator_color":"","ocean_breadcrumbs_links_color":"","ocean_breadcrumbs_links_hover_color":"","ocean_display_footer_widgets":"default","ocean_display_footer_bottom":"default","ocean_custom_footer_template":"0","footnotes":""},"class_list":["post-815","page","type-page","status-publish","hentry","entry"],"yoast_head":"<!-- This site is optimized with the Yoast SEO plugin v24.2 - https:\/\/yoast.com\/wordpress\/plugins\/seo\/ -->\n<title>Aviso Legal - IRU Leiria<\/title>\n<meta name=\"robots\" content=\"index, follow, max-snippet:-1, max-image-preview:large, max-video-preview:-1\" \/>\n<link rel=\"canonical\" href=\"https:\/\/iruleiria.com\/index.php\/es\/aviso-legal\/\" \/>\n<meta property=\"og:locale\" content=\"pt_PT\" \/>\n<meta property=\"og:type\" content=\"article\" \/>\n<meta property=\"og:title\" content=\"Aviso Legal - IRU Leiria\" \/>\n<meta property=\"og:description\" content=\"AVISO LEGAL Datos del Responsable Identidad del Responsable:&nbsp;Sandra Rodrigues Nombre comercial:&nbsp;Iruleiria NIF\/CIF:&nbsp;223383171 Direcci\u00f3n:&nbsp;Rua professora Maria Augusta de Sousa Lopes n 190 r\/c esq Correo electr\u00f3nico:&nbsp;scalcrodrigues@gmail.com En este espacio, el usuario, podr\u00e1 encontrar toda la informaci\u00f3n relativa a los t\u00e9rminos y condiciones legales que definen las relaciones entre los usuarios y yo como responsable de esta [&hellip;]\" \/>\n<meta property=\"og:url\" content=\"https:\/\/iruleiria.com\/index.php\/es\/aviso-legal\/\" \/>\n<meta property=\"og:site_name\" content=\"IRU Leiria\" \/>\n<meta property=\"article:modified_time\" content=\"2022-12-21T15:40:53+00:00\" \/>\n<meta property=\"og:image\" content=\"https:\/\/iruleiria.com\/wp-content\/uploads\/2022\/08\/IRU-Leiria-blanco-07.png\" \/>\n<meta name=\"twitter:card\" content=\"summary_large_image\" \/>\n<meta name=\"twitter:label1\" content=\"Tempo estimado de leitura\" \/>\n\t<meta name=\"twitter:data1\" content=\"6 minutos\" \/>\n<script type=\"application\/ld+json\" class=\"yoast-schema-graph\">{\"@context\":\"https:\/\/schema.org\",\"@graph\":[{\"@type\":\"WebPage\",\"@id\":\"https:\/\/iruleiria.com\/index.php\/es\/aviso-legal\/\",\"url\":\"https:\/\/iruleiria.com\/index.php\/es\/aviso-legal\/\",\"name\":\"Aviso Legal - IRU Leiria\",\"isPartOf\":{\"@id\":\"https:\/\/iruleiria.com\/#website\"},\"primaryImageOfPage\":{\"@id\":\"https:\/\/iruleiria.com\/index.php\/es\/aviso-legal\/#primaryimage\"},\"image\":{\"@id\":\"https:\/\/iruleiria.com\/index.php\/es\/aviso-legal\/#primaryimage\"},\"thumbnailUrl\":\"https:\/\/iruleiria.com\/wp-content\/uploads\/2022\/08\/IRU-Leiria-blanco-07.png\",\"datePublished\":\"2022-12-20T22:05:54+00:00\",\"dateModified\":\"2022-12-21T15:40:53+00:00\",\"breadcrumb\":{\"@id\":\"https:\/\/iruleiria.com\/index.php\/es\/aviso-legal\/#breadcrumb\"},\"inLanguage\":\"pt-PT\",\"potentialAction\":[{\"@type\":\"ReadAction\",\"target\":[\"https:\/\/iruleiria.com\/index.php\/es\/aviso-legal\/\"]}]},{\"@type\":\"ImageObject\",\"inLanguage\":\"pt-PT\",\"@id\":\"https:\/\/iruleiria.com\/index.php\/es\/aviso-legal\/#primaryimage\",\"url\":\"https:\/\/iruleiria.com\/wp-content\/uploads\/2022\/08\/IRU-Leiria-blanco-07.png\",\"contentUrl\":\"https:\/\/iruleiria.com\/wp-content\/uploads\/2022\/08\/IRU-Leiria-blanco-07.png\",\"width\":608,\"height\":566},{\"@type\":\"BreadcrumbList\",\"@id\":\"https:\/\/iruleiria.com\/index.php\/es\/aviso-legal\/#breadcrumb\",\"itemListElement\":[{\"@type\":\"ListItem\",\"position\":1,\"name\":\"Portada\",\"item\":\"https:\/\/iruleiria.com\/\"},{\"@type\":\"ListItem\",\"position\":2,\"name\":\"Aviso Legal\"}]},{\"@type\":\"WebSite\",\"@id\":\"https:\/\/iruleiria.com\/#website\",\"url\":\"https:\/\/iruleiria.com\/\",\"name\":\"IRU Leiria\",\"description\":\"\",\"publisher\":{\"@id\":\"https:\/\/iruleiria.com\/#organization\"},\"potentialAction\":[{\"@type\":\"SearchAction\",\"target\":{\"@type\":\"EntryPoint\",\"urlTemplate\":\"https:\/\/iruleiria.com\/?s={search_term_string}\"},\"query-input\":{\"@type\":\"PropertyValueSpecification\",\"valueRequired\":true,\"valueName\":\"search_term_string\"}}],\"inLanguage\":\"pt-PT\"},{\"@type\":\"Organization\",\"@id\":\"https:\/\/iruleiria.com\/#organization\",\"name\":\"IRU Leiria\",\"url\":\"https:\/\/iruleiria.com\/\",\"logo\":{\"@type\":\"ImageObject\",\"inLanguage\":\"pt-PT\",\"@id\":\"https:\/\/iruleiria.com\/#\/schema\/logo\/image\/\",\"url\":\"https:\/\/iruleiria.com\/wp-content\/uploads\/2022\/08\/cropped-cropped-LOGOTIPO-PRINCIPAL-1.png\",\"contentUrl\":\"https:\/\/iruleiria.com\/wp-content\/uploads\/2022\/08\/cropped-cropped-LOGOTIPO-PRINCIPAL-1.png\",\"width\":1354,\"height\":526,\"caption\":\"IRU Leiria\"},\"image\":{\"@id\":\"https:\/\/iruleiria.com\/#\/schema\/logo\/image\/\"}}]}<\/script>\n<!-- \/ Yoast SEO plugin. -->","yoast_head_json":{"title":"Aviso Legal - IRU Leiria","robots":{"index":"index","follow":"follow","max-snippet":"max-snippet:-1","max-image-preview":"max-image-preview:large","max-video-preview":"max-video-preview:-1"},"canonical":"https:\/\/iruleiria.com\/index.php\/es\/aviso-legal\/","og_locale":"pt_PT","og_type":"article","og_title":"Aviso Legal - IRU Leiria","og_description":"AVISO LEGAL Datos del Responsable Identidad del Responsable:&nbsp;Sandra Rodrigues Nombre comercial:&nbsp;Iruleiria NIF\/CIF:&nbsp;223383171 Direcci\u00f3n:&nbsp;Rua professora Maria Augusta de Sousa Lopes n 190 r\/c esq Correo electr\u00f3nico:&nbsp;scalcrodrigues@gmail.com En este espacio, el usuario, podr\u00e1 encontrar toda la informaci\u00f3n relativa a los t\u00e9rminos y condiciones legales que definen las relaciones entre los usuarios y yo como responsable de esta [&hellip;]","og_url":"https:\/\/iruleiria.com\/index.php\/es\/aviso-legal\/","og_site_name":"IRU Leiria","article_modified_time":"2022-12-21T15:40:53+00:00","og_image":[{"url":"https:\/\/iruleiria.com\/wp-content\/uploads\/2022\/08\/IRU-Leiria-blanco-07.png","type":"","width":"","height":""}],"twitter_card":"summary_large_image","twitter_misc":{"Tempo estimado de leitura":"6 minutos"},"schema":{"@context":"https:\/\/schema.org","@graph":[{"@type":"WebPage","@id":"https:\/\/iruleiria.com\/index.php\/es\/aviso-legal\/","url":"https:\/\/iruleiria.com\/index.php\/es\/aviso-legal\/","name":"Aviso Legal - IRU Leiria","isPartOf":{"@id":"https:\/\/iruleiria.com\/#website"},"primaryImageOfPage":{"@id":"https:\/\/iruleiria.com\/index.php\/es\/aviso-legal\/#primaryimage"},"image":{"@id":"https:\/\/iruleiria.com\/index.php\/es\/aviso-legal\/#primaryimage"},"thumbnailUrl":"https:\/\/iruleiria.com\/wp-content\/uploads\/2022\/08\/IRU-Leiria-blanco-07.png","datePublished":"2022-12-20T22:05:54+00:00","dateModified":"2022-12-21T15:40:53+00:00","breadcrumb":{"@id":"https:\/\/iruleiria.com\/index.php\/es\/aviso-legal\/#breadcrumb"},"inLanguage":"pt-PT","potentialAction":[{"@type":"ReadAction","target":["https:\/\/iruleiria.com\/index.php\/es\/aviso-legal\/"]}]},{"@type":"ImageObject","inLanguage":"pt-PT","@id":"https:\/\/iruleiria.com\/index.php\/es\/aviso-legal\/#primaryimage","url":"https:\/\/iruleiria.com\/wp-content\/uploads\/2022\/08\/IRU-Leiria-blanco-07.png","contentUrl":"https:\/\/iruleiria.com\/wp-content\/uploads\/2022\/08\/IRU-Leiria-blanco-07.png","width":608,"height":566},{"@type":"BreadcrumbList","@id":"https:\/\/iruleiria.com\/index.php\/es\/aviso-legal\/#breadcrumb","itemListElement":[{"@type":"ListItem","position":1,"name":"Portada","item":"https:\/\/iruleiria.com\/"},{"@type":"ListItem","position":2,"name":"Aviso Legal"}]},{"@type":"WebSite","@id":"https:\/\/iruleiria.com\/#website","url":"https:\/\/iruleiria.com\/","name":"IRU Leiria","description":"","publisher":{"@id":"https:\/\/iruleiria.com\/#organization"},"potentialAction":[{"@type":"SearchAction","target":{"@type":"EntryPoint","urlTemplate":"https:\/\/iruleiria.com\/?s={search_term_string}"},"query-input":{"@type":"PropertyValueSpecification","valueRequired":true,"valueName":"search_term_string"}}],"inLanguage":"pt-PT"},{"@type":"Organization","@id":"https:\/\/iruleiria.com\/#organization","name":"IRU Leiria","url":"https:\/\/iruleiria.com\/","logo":{"@type":"ImageObject","inLanguage":"pt-PT","@id":"https:\/\/iruleiria.com\/#\/schema\/logo\/image\/","url":"https:\/\/iruleiria.com\/wp-content\/uploads\/2022\/08\/cropped-cropped-LOGOTIPO-PRINCIPAL-1.png","contentUrl":"https:\/\/iruleiria.com\/wp-content\/uploads\/2022\/08\/cropped-cropped-LOGOTIPO-PRINCIPAL-1.png","width":1354,"height":526,"caption":"IRU Leiria"},"image":{"@id":"https:\/\/iruleiria.com\/#\/schema\/logo\/image\/"}}]}},"_links":{"self":[{"href":"https:\/\/iruleiria.com\/index.php\/wp-json\/wp\/v2\/pages\/815","targetHints":{"allow":["GET"]}}],"collection":[{"href":"https:\/\/iruleiria.com\/index.php\/wp-json\/wp\/v2\/pages"}],"about":[{"href":"https:\/\/iruleiria.com\/index.php\/wp-json\/wp\/v2\/types\/page"}],"author":[{"embeddable":true,"href":"https:\/\/iruleiria.com\/index.php\/wp-json\/wp\/v2\/users\/1"}],"replies":[{"embeddable":true,"href":"https:\/\/iruleiria.com\/index.php\/wp-json\/wp\/v2\/comments?post=815"}],"version-history":[{"count":27,"href":"https:\/\/iruleiria.com\/index.php\/wp-json\/wp\/v2\/pages\/815\/revisions"}],"predecessor-version":[{"id":1335,"href":"https:\/\/iruleiria.com\/index.php\/wp-json\/wp\/v2\/pages\/815\/revisions\/1335"}],"wp:attachment":[{"href":"https:\/\/iruleiria.com\/index.php\/wp-json\/wp\/v2\/media?parent=815"}],"curies":[{"name":"wp","href":"https:\/\/api.w.org\/{rel}","templated":true}]}}